greatest common factor of 63308 and 18765236?
3724
What is the greatest common factor of 13071273 and 5664?
177
What is the greatest common factor of 505376 and 14688?
544
Calculate the greatest common divisor of 448 and 1589.
7
Calculate the highest common divisor of 14327145 and 69930.
945
Calculate the highest common divisor of 1770882 and 179346.
426
Calculate the greatest common factor of 20235 and 68034117.
4047
Calculate the greatest common factor of 52 and 71965868.
52
What is the highest common divisor of 4244 and 142174?
2122
What is the greatest common divisor of 529372 and 65860?
356
Calculate the highest common factor of 7050460 and 1460.
20
What is the greatest common divisor of 1547 and 4170439?
91
What is the highest common factor of 15235 and 321695?
55
What is the highest common factor of 73 and 9482846?
73
Calculate the greatest common factor of 87480 and 40644.
36
What is the greatest common factor of 15 and 7149225?
15
What is the greatest common divisor of 237655 and 133951?
4321
Calculate the greatest common divisor of 767215 and 2395.
5
What is the greatest common divisor of 74 and 344018?
2
What is the greatest common factor of 276923 and 7409?
31
What is the greatest common divisor of 27018 and 1375182?
342
Calculate the greatest common factor of 10590 and 27085690.
3530
What is the greatest common factor of 897 and 409354?
23
Calculate the greatest common factor of 101989 and 337409.
79
Calculate the highest common divisor of 18012340 and 296.
148
What is the greatest common divisor of 828 and 46673946?
414
Calculate the highest common factor of 236 and 4411607.
59
What is the greatest common divisor of 7664 and 183890974?
958
What is the greatest common divisor of 1838 and 1077068?
1838
What is the greatest common divisor of 3756672 and 586368?
1152
Calculate the highest common factor of 10529046 and 11484.
198
Calculate the highest common divisor of 1556137 and 448019.
2651
What is the highest common factor of 7602693 and 833?
49
What is the greatest common factor of 40 and 16530280?
40
Calculate the greatest common factor of 903716 and 10340.
2068
What is the greatest common divisor of 11106 and 32547984?
3702
Calculate the greatest common divisor of 278 and 66129111.
139
What is the greatest common factor of 11404 and 303055598?
5702
What is the highest common factor of 299 and 16547557?
299
Calculate the greatest common divisor of 363 and 212917045.
121
Calculate the highest common factor of 89 and 1363102106.
89
Calculate the greatest common divisor of 27720 and 10571.
11
Calculate the greatest common divisor of 24300 and 798300.
900
Calculate the greatest common factor of 479858224 and 776.
776
What is the highest common factor of 62928 and 2868240?
912
Calculate the highest common divisor of 55 and 19930009.
11
What is the greatest common divisor of 344127012 and 874?
874
What is the highest common factor of 2180331 and 621?
621
Calculate the greatest common divisor of 923 and 161693909.
923
What is the highest common divisor of 670 and 171590350?
670
What is the highest common factor of 20904500 and 500?
500
What is the greatest common divisor of 147 and 35269?
1
Calculate the greatest common divisor of 72 and 2171727.
9
Calculate the highest common divisor of 71988 and 1988.
28
Calculate the greatest common factor of 29252736 and 4221.
603
Calculate the highest common factor of 316516 and 4124.
4
Calculate the highest common factor of 344 and 802840.
8
Calculate the greatest common factor of 9593 and 1238221.
181
What is the highest common factor of 52771134 and 236?
118
What is the greatest common divisor of 12403188 and 22659?
1743
What is the highest common divisor of 3347773 and 55?
11
Calculate the highest common factor of 28 and 60662854.
14
Calculate the highest common divisor of 7977204 and 43299.
2547
What is the highest common factor of 162749223 and 2457?
2457
Calculate the greatest common factor of 14927 and 1374043.
253
Calculate the greatest common factor of 7851585 and 370.
185
Calculate the greatest common factor of 169674 and 1446.
6
What is the highest common factor of 1520 and 3281360?
80
Calculate the highest common divisor of 1496 and 11930974.
374
Calculate the greatest common factor of 119016562 and 42.
14
Calculate the greatest common factor of 2730 and 121739982.
546
Calculate the greatest common divisor of 248 and 6614594.
62
Calculate the highest common divisor of 971513193 and 3246.
1623
What is the greatest common factor of 28302570 and 1605?
1605
What is the highest common factor of 284414 and 14716?
26
What is the highest common factor of 140 and 1628305?
35
Calculate the greatest common divisor of 2361 and 46266156.
2361
What is the highest common divisor of 17261844 and 1044?
348
What is the greatest common factor of 1449698 and 50758?
1238
What is the highest common factor of 366459 and 14985834?
7797
Calculate the greatest common divisor of 3818934 and 487242.
378
What is the greatest common factor of 5126839 and 5?
1
Calculate the highest common divisor of 160 and 309980.
20
Calculate the greatest common divisor of 185591259 and 1026.
171
Calculate the highest common divisor of 9571 and 1000212.
17
Calculate the highest common divisor of 1540630 and 728.
182
Calculate the greatest common factor of 40635202 and 34.
34
What is the greatest common factor of 795843 and 369?
9
Calculate the greatest common factor of 1188 and 5072364.
396
What is the highest common factor of 8059376 and 1222?
26
Calculate the greatest common divisor of 215 and 8929079.
43
Calculate the greatest common factor of 1437740 and 900.
20
What is the highest common divisor of 246 and 219507?
3
What is the greatest common divisor of 7062 and 1659702?
66
Calculate the greatest common factor of 28 and 7995631.
7
What is the highest common divisor of 801726035 and 20570?
10285
Calculate the greatest common divisor of 106297104 and 3320.
664
Calculate the highest common factor of 2673550 and 75.
25
Calculate the highest common divisor of 5077 and 475.
1
Calculate the greatest common divisor of 348250980 and 516.
516
Calculate the highest common factor of 171902406 and 6.
6
Calculate the highest common divisor of 894107856 and 2238.
2238
What is the highest common factor of 975 and 12028419?
39
Calculate the highest common divisor of 513802063 and 3134.
1567
Calculate the highest common factor of 252507 and 120.
3
Calculate the greatest common factor of 15620 and 12108695.
355
What is the highest common divisor of 991674 and 1998?
666
Calculate the highest common factor of 11968 and 8884608.
1088
Calculate the greatest common divisor of 15827 and 572356.
323
What is the greatest common divisor of 9356835 and 855?
285
Calculate the highest common divisor of 450082919 and 143.
143
Calculate the highest common divisor of 16 and 23981268.
4
What is the greatest common divisor of 14150344 and 15796?
1436
Calculate the highest common factor of 41 and 340817707.
41
What is the greatest common divisor of 118661220 and 222?
222
Calculate the greatest common divisor of 375578 and 952.
14
Calculate the greatest common factor of 145422 and 58.
2
What is the greatest common factor of 3518037232 and 229?
229
Calculate the highest common divisor of 391872 and 11856.
624
What is the highest common divisor of 5050 and 6028850?
50
Calculate the highest common divisor of 1224172 and 47226.
926
Calculate the highest common divisor of 389 and 67649823.
389
What is the highest common factor of 3730 and 45097565?
1865
Calculate the greatest common divisor of 21850353 and 504.
63
Calculate the highest common factor of 82 and 1044900.
2
What is the highest common divisor of 297 and 18393111?
99
Calculate the greatest common factor of 220924 and 1958.
22
What is the greatest common divisor of 512 and 395103872?
128
What is the highest common factor of 361836 and 1224?
36
What is the greatest common factor of 319494 and 378?
42
Calculate the greatest common factor of 80302886 and 279893.
5281
What is the greatest common factor of 90 and 9238665?
15
What is the greatest common factor of 27546301 and 82?
41
What is the greatest common factor of 19 and 35624753?
19
What is the highest common divisor of 1253329 and 2255?
451
Calculat